{"id":15818,"date":"2021-11-23T20:22:16","date_gmt":"2021-11-23T19:22:16","guid":{"rendered":"https:\/\/unity-schweiz.ch\/?post_type=product&#038;p=15818"},"modified":"2021-11-24T19:43:54","modified_gmt":"2021-11-24T18:43:54","slug":"es-sind-die-wolken-die-die-sterne-bewegen","status":"publish","type":"product","link":"https:\/\/unity-schweiz.ch\/fr\/produit\/es-sind-die-wolken-die-die-sterne-bewegen\/","title":{"rendered":"Es sind die Wolken, die die Sterne bewegen"},"content":{"rendered":"\t\t<div data-elementor-type=\"wp-post\" data-elementor-id=\"15818\" class=\"elementor elementor-15818 elementor-15817\">\n\t\t\t\t\t\t<section class=\"wd-negative-gap elementor-section elementor-top-section elementor-element elementor-element-3391358 elementor-section-content-top elementor-section-boxed elementor-section-height-default elementor-section-height-default\" data-id=\"3391358\" data-element_type=\"section\" data-e-type=\"section\">\n\t\t\t\t\t\t<div class=\"elementor-container elementor-column-gap-default\">\n\t\t\t\t\t<div class=\"elementor-column elementor-col-50 elementor-top-column elementor-element elementor-element-3639598\" data-id=\"3639598\" data-element_type=\"column\" data-e-type=\"column\">\n\t\t\t<div class=\"elementor-widget-wrap elementor-element-populated\">\n\t\t\t\t\t\t<div class=\"elementor-element elementor-element-fec4e50 wd-width-100 elementor-widget elementor-widget-wd_title\" data-id=\"fec4e50\" data-element_type=\"widget\" data-e-type=\"widget\" data-widget_type=\"wd_title.default\">\n\t\t\t\t<div class=\"elementor-widget-container\">\n\t\t\t\t\t\t\t<div class=\"title-wrapper wd-set-mb reset-last-child wd-title-color-default wd-title-style-default wd-title-size-default text-left\">\n\n\t\t\t\n\t\t\t<div class=\"liner-continer\">\n\t\t\t\t<h4 class=\"woodmart-title-container title wd-fontsize-l\">Alles zum Buch<\/h4> \n\t\t\t\t\t\t\t<\/div>\n\n\t\t\t\t\t<\/div>\n\t\t\t\t\t\t<\/div>\n\t\t\t\t<\/div>\n\t\t\t\t<div class=\"elementor-element elementor-element-3429026 color-scheme-inherit text-left elementor-widget elementor-widget-text-editor\" data-id=\"3429026\" data-element_type=\"widget\" data-e-type=\"widget\" data-widget_type=\"text-editor.default\">\n\t\t\t\t<div class=\"elementor-widget-container\">\n\t\t\t\t\t\t\t\t\t<p>Aus dem Norwegischen von Janine Klein<br \/>Dieser Sommer ist anders als alle, die Maria je erlebt hat: Seit ihr kleiner Bruder gestorben ist, hat sich f\u00fcr sie die Welt ver\u00e4ndert. Doch dann trifft sie Jakob, rothaarig, fr\u00f6hlich und voll erstaunlicher Ideen. Maria lacht jetzt wieder \u00f6fter. Mit Jakob zusammen zu sein und die Sterne anzusehen, macht sie eigenartig gl\u00fccklich. Ein Buch f\u00fcr Kinder und Erwachsene zum Tabu-Thema Trauer, fesselnd, einf\u00fchlsam und lebensnah \u2013 ausgezeichnet mit dem Nordischen Kinderliteraturpreis. Mehrfach pr\u00e4miert, verfilmt f\u00fcr Kino und Fernsehen. \u00ab\u00a0Es sind die Wolken, die die Sterne bewegen\u00a0\u00bb wurde f\u00fcr den Katholischen Kinder- und Jugendbuchpreis nominiert und vom Evangelischen Buchberater sehr empfohlen. Der Kinofilm (Regie: Torun Lian) war 1998 Norwegens offizieller Beitrag f\u00fcr den \u00ab\u00a0Oscar\u00a0\u00bb.<\/p>\n<p>Ab 10 Jahren<\/p>\n<p>ISBN 978-3-933160-11-9<\/p>\n\t\t\t\t\t\t\t\t<\/div>\n\t\t\t\t<\/div>\n\t\t\t\t\t<\/div>\n\t\t<\/div>\n\t\t\t\t<div class=\"elementor-column elementor-col-50 elementor-top-column elementor-element elementor-element-3667589\" data-id=\"3667589\" data-element_type=\"column\" data-e-type=\"column\">\n\t\t\t<div class=\"elementor-widget-wrap elementor-element-populated\">\n\t\t\t\t\t\t<section class=\"wd-negative-gap elementor-section elementor-inner-section elementor-element elementor-element-7172141 elementor-section-content-top elementor-section-boxed elementor-section-height-default elementor-section-height-default\" data-id=\"7172141\" data-element_type=\"section\" data-e-type=\"section\">\n\t\t\t\t\t\t<div class=\"elementor-container elementor-column-gap-default\">\n\t\t\t\t\t<div class=\"elementor-column elementor-col-100 elementor-inner-column elementor-element elementor-element-7481784\" data-id=\"7481784\" data-element_type=\"column\" data-e-type=\"column\">\n\t\t\t<div class=\"elementor-widget-wrap elementor-element-populated\">\n\t\t\t\t\t\t<div class=\"elementor-element elementor-element-5498097 elementor-widget elementor-widget-wd_infobox\" data-id=\"5498097\" data-element_type=\"widget\" data-e-type=\"widget\" data-widget_type=\"wd_infobox.default\">\n\t\t\t\t<div class=\"elementor-widget-container\">\n\t\t\t\t\t\t\t<div class=\"info-box-wrapper\">\n\t\t\t<div class=\"wd-info-box text-center box-icon-align-top box-style-base color-scheme-\">\n\t\t\t\t\n\t\t\t\t<div class=\"info-box-content\">\n\t\t\t\t\t\n\t\t\t\t\t\t\t\t\t\t\t<h4\t\t\t\t\t\tclass=\"info-box-title title box-title-style-default wd-fontsize-s\" data-elementor-setting-key=\"title\">\n\t\t\t\t\t\t\t\tAutor \/-in\t\t\t\t\t\t<\/h4>\n\t\t\t\t\t\n\t\t\t\t\t<div class=\"info-box-inner reset-last-child\"data-elementor-setting-key=\"content\"><p>Torun Lian<\/p>\n<\/div>\n\n\t\t\t\t\t\t\t\t\t<\/div>\n\n\t\t\t\t\t\t\t\t\t<a href=\"#\" class=\"wd-info-box-link wd-fill\" aria-label=\"Infobox link\"><\/a>\n\t\t\t\t\t\t\t<\/div>\n\t\t<\/div>\n\t\t\t\t\t\t<\/div>\n\t\t\t\t<\/div>\n\t\t\t\t\t<\/div>\n\t\t<\/div>\n\t\t\t\t\t<\/div>\n\t\t<\/section>\n\t\t\t\t\t<\/div>\n\t\t<\/div>\n\t\t\t\t\t<\/div>\n\t\t<\/section>\n\t\t\t\t<\/div>\n\t\t","protected":false},"excerpt":{"rendered":"<p>192 Seiten<\/p>\n","protected":false},"featured_media":15751,"comment_status":"open","ping_status":"closed","template":"","meta":[],"product_brand":[],"product_cat":[109,101],"product_tag":[],"class_list":{"0":"post-15818","1":"product","2":"type-product","3":"status-publish","4":"has-post-thumbnail","6":"product_cat-livres-pour-enfants","7":"product_cat-toutes-les-categories","8":"product_shipping_class-nicht-mit-briefpost-versendbar-chf7","10":"first","11":"instock","12":"taxable","13":"shipping-taxable","14":"purchasable","15":"product-type-simple"},"_links":{"self":[{"href":"https:\/\/unity-schweiz.ch\/fr\/wp-json\/wp\/v2\/product\/15818","targetHints":{"allow":["GET"]}}],"collection":[{"href":"https:\/\/unity-schweiz.ch\/fr\/wp-json\/wp\/v2\/product"}],"about":[{"href":"https:\/\/unity-schweiz.ch\/fr\/wp-json\/wp\/v2\/types\/product"}],"replies":[{"embeddable":true,"href":"https:\/\/unity-schweiz.ch\/fr\/wp-json\/wp\/v2\/comments?post=15818"}],"version-history":[{"count":2,"href":"https:\/\/unity-schweiz.ch\/fr\/wp-json\/wp\/v2\/product\/15818\/revisions"}],"predecessor-version":[{"id":16240,"href":"https:\/\/unity-schweiz.ch\/fr\/wp-json\/wp\/v2\/product\/15818\/revisions\/16240"}],"wp:featuredmedia":[{"embeddable":true,"href":"https:\/\/unity-schweiz.ch\/fr\/wp-json\/wp\/v2\/media\/15751"}],"wp:attachment":[{"href":"https:\/\/unity-schweiz.ch\/fr\/wp-json\/wp\/v2\/media?parent=15818"}],"wp:term":[{"taxonomy":"product_brand","embeddable":true,"href":"https:\/\/unity-schweiz.ch\/fr\/wp-json\/wp\/v2\/product_brand?post=15818"},{"taxonomy":"product_cat","embeddable":true,"href":"https:\/\/unity-schweiz.ch\/fr\/wp-json\/wp\/v2\/product_cat?post=15818"},{"taxonomy":"product_tag","embeddable":true,"href":"https:\/\/unity-schweiz.ch\/fr\/wp-json\/wp\/v2\/product_tag?post=15818"}],"curies":[{"name":"wp","href":"https:\/\/api.w.org\/{rel}","templated":true}]}}

<div data-elementor-type="wp-post" data-elementor-id="15818" class="elementor elementor-15818 elementor-15817">
						<section class="wd-negative-gap elementor-section elementor-top-section elementor-element elementor-element-3391358 elementor-section-content-top elementor-section-boxed elementor-section-height-default elementor-section-height-default" data-id="3391358" data-element_type="section" data-e-type="section">
						<div class="elementor-container elementor-column-gap-default">
					<div class="elementor-column elementor-col-50 elementor-top-column elementor-element elementor-element-3639598" data-id="3639598" data-element_type="column" data-e-type="column">
			<div class="elementor-widget-wrap elementor-element-populated">
						<div class="elementor-element elementor-element-fec4e50 wd-width-100 elementor-widget elementor-widget-wd_title" data-id="fec4e50" data-element_type="widget" data-e-type="widget" data-widget_type="wd_title.default">
				<div class="elementor-widget-container">
							<div class="title-wrapper wd-set-mb reset-last-child wd-title-color-default wd-title-style-default wd-title-size-default text-left">

			
			<div class="liner-continer">
				<h4 class="woodmart-title-container title wd-fontsize-l">Alles zum Buch</h4> 
							</div>

					</div>
						</div>
				</div>
				<div class="elementor-element elementor-element-3429026 color-scheme-inherit text-left elementor-widget elementor-widget-text-editor" data-id="3429026" data-element_type="widget" data-e-type="widget" data-widget_type="text-editor.default">
				<div class="elementor-widget-container">
									<p>Aus dem Norwegischen von Janine Klein<br />Dieser Sommer ist anders als alle, die Maria je erlebt hat: Seit ihr kleiner Bruder gestorben ist, hat sich für sie die Welt verändert. Doch dann trifft sie Jakob, rothaarig, fröhlich und voll erstaunlicher Ideen. Maria lacht jetzt wieder öfter. Mit Jakob zusammen zu sein und die Sterne anzusehen, macht sie eigenartig glücklich. Ein Buch für Kinder und Erwachsene zum Tabu-Thema Trauer, fesselnd, einfühlsam und lebensnah – ausgezeichnet mit dem Nordischen Kinderliteraturpreis. Mehrfach prämiert, verfilmt für Kino und Fernsehen. « Es sind die Wolken, die die Sterne bewegen » wurde für den Katholischen Kinder- und Jugendbuchpreis nominiert und vom Evangelischen Buchberater sehr empfohlen. Der Kinofilm (Regie: Torun Lian) war 1998 Norwegens offizieller Beitrag für den « Oscar ».</p>
<p>Ab 10 Jahren</p>
<p>ISBN 978-3-933160-11-9</p>
								</div>
				</div>
					</div>
		</div>
				<div class="elementor-column elementor-col-50 elementor-top-column elementor-element elementor-element-3667589" data-id="3667589" data-element_type="column" data-e-type="column">
			<div class="elementor-widget-wrap elementor-element-populated">
						<section class="wd-negative-gap elementor-section elementor-inner-section elementor-element elementor-element-7172141 elementor-section-content-top elementor-section-boxed elementor-section-height-default elementor-section-height-default" data-id="7172141" data-element_type="section" data-e-type="section">
						<div class="elementor-container elementor-column-gap-default">
					<div class="elementor-column elementor-col-100 elementor-inner-column elementor-element elementor-element-7481784" data-id="7481784" data-element_type="column" data-e-type="column">
			<div class="elementor-widget-wrap elementor-element-populated">
						<div class="elementor-element elementor-element-5498097 elementor-widget elementor-widget-wd_infobox" data-id="5498097" data-element_type="widget" data-e-type="widget" data-widget_type="wd_infobox.default">
				<div class="elementor-widget-container">
							<div class="info-box-wrapper">
			<div class="wd-info-box text-center box-icon-align-top box-style-base color-scheme-">
				
				<div class="info-box-content">
					
											<h4						class="info-box-title title box-title-style-default wd-fontsize-s" data-elementor-setting-key="title">
								Autor /-in						</h4>
					
					<div class="info-box-inner reset-last-child"data-elementor-setting-key="content"><p>Torun Lian</p>
</div>

									</div>

									<a href="#" class="wd-info-box-link wd-fill" aria-label="Infobox link"></a>
							</div>
		</div>
						</div>
				</div>
					</div>
		</div>
					</div>
		</section>
					</div>
		</div>
					</div>
		</section>
				</div>
