{"id":15060,"date":"2021-09-08T22:06:33","date_gmt":"2021-09-08T20:06:33","guid":{"rendered":"https:\/\/unity-schweiz.ch\/product\/heilen-der-vergessene-auftrag-jesu-thomas-webel\/"},"modified":"2021-11-03T14:10:32","modified_gmt":"2021-11-03T13:10:32","slug":"heilen-der-vergessene-auftrag-jesu-thomas-webel","status":"publish","type":"product","link":"https:\/\/unity-schweiz.ch\/fr\/produit\/heilen-der-vergessene-auftrag-jesu-thomas-webel\/","title":{"rendered":"Heilen, der vergessene Auftrag Jesu &#8211; Thomas Webel"},"content":{"rendered":"\t\t<div data-elementor-type=\"wp-post\" data-elementor-id=\"15060\" class=\"elementor elementor-15060 elementor-13801\">\n\t\t\t\t\t\t<section class=\"wd-negative-gap elementor-section elementor-top-section elementor-element elementor-element-3391358 elementor-section-content-top elementor-section-boxed elementor-section-height-default elementor-section-height-default\" data-id=\"3391358\" data-element_type=\"section\" data-e-type=\"section\">\n\t\t\t\t\t\t<div class=\"elementor-container elementor-column-gap-default\">\n\t\t\t\t\t<div class=\"elementor-column elementor-col-50 elementor-top-column elementor-element elementor-element-3639598\" data-id=\"3639598\" data-element_type=\"column\" data-e-type=\"column\">\n\t\t\t<div class=\"elementor-widget-wrap elementor-element-populated\">\n\t\t\t\t\t\t<div class=\"elementor-element elementor-element-fec4e50 wd-width-100 elementor-widget elementor-widget-wd_title\" data-id=\"fec4e50\" data-element_type=\"widget\" data-e-type=\"widget\" data-widget_type=\"wd_title.default\">\n\t\t\t\t<div class=\"elementor-widget-container\">\n\t\t\t\t\t\t\t<div class=\"title-wrapper wd-set-mb reset-last-child wd-title-color-default wd-title-style-default wd-title-size-default text-left\">\n\n\t\t\t\n\t\t\t<div class=\"liner-continer\">\n\t\t\t\t<h4 class=\"woodmart-title-container title wd-fontsize-l\">Alles zum Buch<\/h4> \n\t\t\t\t\t\t\t<\/div>\n\n\t\t\t\t\t<\/div>\n\t\t\t\t\t\t<\/div>\n\t\t\t\t<\/div>\n\t\t\t\t<div class=\"elementor-element elementor-element-3429026 color-scheme-inherit text-left elementor-widget elementor-widget-text-editor\" data-id=\"3429026\" data-element_type=\"widget\" data-e-type=\"widget\" data-widget_type=\"text-editor.default\">\n\t\t\t\t<div class=\"elementor-widget-container\">\n\t\t\t\t\t\t\t\t\t<div id=\"cc-shop-product-desc-text-8344763185\" class=\"description\">\n<div id=\"cc-shop-product-desc-text-8344784585\" class=\"description\">\n<div id=\"cc-shop-product-desc-text-8344785185\" class=\"description\">\n<div id=\"cc-shop-product-desc-text-8344788885\" class=\"description\">\n<div id=\"cc-shop-product-desc-text-8344800285\" class=\"description\">\n<div id=\"cc-shop-product-desc-text-8347393385\" class=\"description\">\n<div id=\"cc-shop-product-desc-text-8347392085\" class=\"description\">\n<p>Bei der Durchsicht der Evangelien f\u00e4llt jedem Menschen die F\u00fclle der Heilungsgeschichten auf. Doch wer kann heute damit noch etwas anfangen? Der heutigen christlichen Glaubens- und Lebenspraxis &#8211; so die These dieses Buches &#8211; ist ein wesentlicher Baustein der Heilslehre Jesu verlorengegangen.\u00a0<em>Notwendig<\/em>\u00a0im Sinne von\u00a0<em>notwendend<\/em>\u00a0ist ein Wiederaufgreifen der Gedanken eines liebenden und heilenden Gottes im Gegensatz zu dem verbreiteten Bild eines strafenden Gottvaters. Krankheit und Leid sind nicht Ergebnis unberechenbarer Zuf\u00e4lle und Umst\u00e4nde oder gar \u00ab\u00a0gottgewollt\u00a0\u00bb, sondern vielmehr Spiegelbild seelischer Blockaden und St\u00f6rungen und letztlich Ausdruck der gest\u00f6rten Beziehung zu Gott, sich selbst oder den Mitmenschen. Damit aber wird klar: Eine Einflu\u00dfnahme ist m\u00f6glich.<\/p>\n<p>272 Seiten, Softcover,\u00a0 ISBN 978-3-920780-62-7<\/p>\n<\/div>\n<\/div>\n<\/div>\n<\/div>\n<\/div>\n<\/div>\n<\/div>\n\t\t\t\t\t\t\t\t<\/div>\n\t\t\t\t<\/div>\n\t\t\t\t\t<\/div>\n\t\t<\/div>\n\t\t\t\t<div class=\"elementor-column elementor-col-50 elementor-top-column elementor-element elementor-element-3667589\" data-id=\"3667589\" data-element_type=\"column\" data-e-type=\"column\">\n\t\t\t<div class=\"elementor-widget-wrap elementor-element-populated\">\n\t\t\t\t\t\t<section class=\"wd-negative-gap elementor-section elementor-inner-section elementor-element elementor-element-7172141 elementor-section-content-top elementor-section-boxed elementor-section-height-default elementor-section-height-default\" data-id=\"7172141\" data-element_type=\"section\" data-e-type=\"section\">\n\t\t\t\t\t\t<div class=\"elementor-container elementor-column-gap-default\">\n\t\t\t\t\t<div class=\"elementor-column elementor-col-100 elementor-inner-column elementor-element elementor-element-7481784\" data-id=\"7481784\" data-element_type=\"column\" data-e-type=\"column\">\n\t\t\t<div class=\"elementor-widget-wrap elementor-element-populated\">\n\t\t\t\t\t\t<div class=\"elementor-element elementor-element-5498097 elementor-widget elementor-widget-wd_infobox\" data-id=\"5498097\" data-element_type=\"widget\" data-e-type=\"widget\" data-widget_type=\"wd_infobox.default\">\n\t\t\t\t<div class=\"elementor-widget-container\">\n\t\t\t\t\t\t\t<div class=\"info-box-wrapper\">\n\t\t\t<div class=\"wd-info-box text-center box-icon-align-top box-style-base color-scheme-\">\n\t\t\t\t\n\t\t\t\t<div class=\"info-box-content\">\n\t\t\t\t\t\n\t\t\t\t\t\t\t\t\t\t\t<h4\t\t\t\t\t\tclass=\"info-box-title title box-title-style-default wd-fontsize-s\" data-elementor-setting-key=\"title\">\n\t\t\t\t\t\t\t\tAutor \/-in\t\t\t\t\t\t<\/h4>\n\t\t\t\t\t\n\t\t\t\t\t<div class=\"info-box-inner reset-last-child\"data-elementor-setting-key=\"content\"><p style=\"text-align: center;\">Thomas Webel<\/p>\n<\/div>\n\n\t\t\t\t\t\t\t\t\t<\/div>\n\n\t\t\t\t\t\t\t\t\t<a href=\"#\" class=\"wd-info-box-link wd-fill\" aria-label=\"Infobox link\"><\/a>\n\t\t\t\t\t\t\t<\/div>\n\t\t<\/div>\n\t\t\t\t\t\t<\/div>\n\t\t\t\t<\/div>\n\t\t\t\t\t<\/div>\n\t\t<\/div>\n\t\t\t\t\t<\/div>\n\t\t<\/section>\n\t\t\t\t\t<\/div>\n\t\t<\/div>\n\t\t\t\t\t<\/div>\n\t\t<\/section>\n\t\t\t\t<\/div>\n\t\t","protected":false},"excerpt":{"rendered":"<p>272 Seiten, Softcover<\/p>\n","protected":false},"featured_media":15061,"comment_status":"open","ping_status":"closed","template":"","meta":[],"product_brand":[],"product_cat":[106,105,101],"product_tag":[],"class_list":{"0":"post-15060","1":"product","2":"type-product","3":"status-publish","4":"has-post-thumbnail","6":"product_cat-philosophie-chretienne","7":"product_cat-philosophies-du-monde","8":"product_cat-toutes-les-categories","9":"product_shipping_class-nicht-mit-briefpost-versendbar-chf7","11":"first","12":"instock","13":"taxable","14":"shipping-taxable","15":"purchasable","16":"product-type-simple"},"_links":{"self":[{"href":"https:\/\/unity-schweiz.ch\/fr\/wp-json\/wp\/v2\/product\/15060","targetHints":{"allow":["GET"]}}],"collection":[{"href":"https:\/\/unity-schweiz.ch\/fr\/wp-json\/wp\/v2\/product"}],"about":[{"href":"https:\/\/unity-schweiz.ch\/fr\/wp-json\/wp\/v2\/types\/product"}],"replies":[{"embeddable":true,"href":"https:\/\/unity-schweiz.ch\/fr\/wp-json\/wp\/v2\/comments?post=15060"}],"version-history":[{"count":3,"href":"https:\/\/unity-schweiz.ch\/fr\/wp-json\/wp\/v2\/product\/15060\/revisions"}],"predecessor-version":[{"id":15447,"href":"https:\/\/unity-schweiz.ch\/fr\/wp-json\/wp\/v2\/product\/15060\/revisions\/15447"}],"wp:featuredmedia":[{"embeddable":true,"href":"https:\/\/unity-schweiz.ch\/fr\/wp-json\/wp\/v2\/media\/15061"}],"wp:attachment":[{"href":"https:\/\/unity-schweiz.ch\/fr\/wp-json\/wp\/v2\/media?parent=15060"}],"wp:term":[{"taxonomy":"product_brand","embeddable":true,"href":"https:\/\/unity-schweiz.ch\/fr\/wp-json\/wp\/v2\/product_brand?post=15060"},{"taxonomy":"product_cat","embeddable":true,"href":"https:\/\/unity-schweiz.ch\/fr\/wp-json\/wp\/v2\/product_cat?post=15060"},{"taxonomy":"product_tag","embeddable":true,"href":"https:\/\/unity-schweiz.ch\/fr\/wp-json\/wp\/v2\/product_tag?post=15060"}],"curies":[{"name":"wp","href":"https:\/\/api.w.org\/{rel}","templated":true}]}}

<div data-elementor-type="wp-post" data-elementor-id="15060" class="elementor elementor-15060 elementor-13801">
						<section class="wd-negative-gap elementor-section elementor-top-section elementor-element elementor-element-3391358 elementor-section-content-top elementor-section-boxed elementor-section-height-default elementor-section-height-default" data-id="3391358" data-element_type="section" data-e-type="section">
						<div class="elementor-container elementor-column-gap-default">
					<div class="elementor-column elementor-col-50 elementor-top-column elementor-element elementor-element-3639598" data-id="3639598" data-element_type="column" data-e-type="column">
			<div class="elementor-widget-wrap elementor-element-populated">
						<div class="elementor-element elementor-element-fec4e50 wd-width-100 elementor-widget elementor-widget-wd_title" data-id="fec4e50" data-element_type="widget" data-e-type="widget" data-widget_type="wd_title.default">
				<div class="elementor-widget-container">
							<div class="title-wrapper wd-set-mb reset-last-child wd-title-color-default wd-title-style-default wd-title-size-default text-left">

			
			<div class="liner-continer">
				<h4 class="woodmart-title-container title wd-fontsize-l">Alles zum Buch</h4> 
							</div>

					</div>
						</div>
				</div>
				<div class="elementor-element elementor-element-3429026 color-scheme-inherit text-left elementor-widget elementor-widget-text-editor" data-id="3429026" data-element_type="widget" data-e-type="widget" data-widget_type="text-editor.default">
				<div class="elementor-widget-container">
									<div id="cc-shop-product-desc-text-8344763185" class="description">
<div id="cc-shop-product-desc-text-8344784585" class="description">
<div id="cc-shop-product-desc-text-8344785185" class="description">
<div id="cc-shop-product-desc-text-8344788885" class="description">
<div id="cc-shop-product-desc-text-8344800285" class="description">
<div id="cc-shop-product-desc-text-8347393385" class="description">
<div id="cc-shop-product-desc-text-8347392085" class="description">
<p>Bei der Durchsicht der Evangelien fällt jedem Menschen die Fülle der Heilungsgeschichten auf. Doch wer kann heute damit noch etwas anfangen? Der heutigen christlichen Glaubens- und Lebenspraxis &#8211; so die These dieses Buches &#8211; ist ein wesentlicher Baustein der Heilslehre Jesu verlorengegangen. <em>Notwendig</em> im Sinne von <em>notwendend</em> ist ein Wiederaufgreifen der Gedanken eines liebenden und heilenden Gottes im Gegensatz zu dem verbreiteten Bild eines strafenden Gottvaters. Krankheit und Leid sind nicht Ergebnis unberechenbarer Zufälle und Umstände oder gar « gottgewollt », sondern vielmehr Spiegelbild seelischer Blockaden und Störungen und letztlich Ausdruck der gestörten Beziehung zu Gott, sich selbst oder den Mitmenschen. Damit aber wird klar: Eine Einflußnahme ist möglich.</p>
<p>272 Seiten, Softcover,  ISBN 978-3-920780-62-7</p>
</div>
</div>
</div>
</div>
</div>
</div>
</div>
								</div>
				</div>
					</div>
		</div>
				<div class="elementor-column elementor-col-50 elementor-top-column elementor-element elementor-element-3667589" data-id="3667589" data-element_type="column" data-e-type="column">
			<div class="elementor-widget-wrap elementor-element-populated">
						<section class="wd-negative-gap elementor-section elementor-inner-section elementor-element elementor-element-7172141 elementor-section-content-top elementor-section-boxed elementor-section-height-default elementor-section-height-default" data-id="7172141" data-element_type="section" data-e-type="section">
						<div class="elementor-container elementor-column-gap-default">
					<div class="elementor-column elementor-col-100 elementor-inner-column elementor-element elementor-element-7481784" data-id="7481784" data-element_type="column" data-e-type="column">
			<div class="elementor-widget-wrap elementor-element-populated">
						<div class="elementor-element elementor-element-5498097 elementor-widget elementor-widget-wd_infobox" data-id="5498097" data-element_type="widget" data-e-type="widget" data-widget_type="wd_infobox.default">
				<div class="elementor-widget-container">
							<div class="info-box-wrapper">
			<div class="wd-info-box text-center box-icon-align-top box-style-base color-scheme-">
				
				<div class="info-box-content">
					
											<h4						class="info-box-title title box-title-style-default wd-fontsize-s" data-elementor-setting-key="title">
								Autor /-in						</h4>
					
					<div class="info-box-inner reset-last-child"data-elementor-setting-key="content"><p style="text-align: center;">Thomas Webel</p>
</div>

									</div>

									<a href="#" class="wd-info-box-link wd-fill" aria-label="Infobox link"></a>
							</div>
		</div>
						</div>
				</div>
					</div>
		</div>
					</div>
		</section>
					</div>
		</div>
					</div>
		</section>
				</div>
